or of 24998 and 58.
58
What is the greatest common factor of 292 and 657?
73
What is the greatest common factor of 50 and 110?
10
What is the highest common divisor of 18 and 54?
18
What is the greatest common divisor of 618 and 2884?
206
Calculate the highest common factor of 819 and 195.
39
What is the greatest common divisor of 9900 and 132?
132
What is the highest common divisor of 44 and 55?
11
What is the highest common factor of 9 and 621?
9
Calculate the highest common factor of 1978 and 1118.
86
Calculate the highest common factor of 36 and 666.
18
What is the highest common factor of 117 and 26?
13
Calculate the greatest common divisor of 14 and 546.
14
What is the greatest common divisor of 40 and 10?
10
Calculate the greatest common factor of 1976 and 19.
19
What is the highest common factor of 143 and 871?
13
Calculate the greatest common factor of 8 and 124.
4
What is the highest common divisor of 22 and 14?
2
Calculate the greatest common factor of 240 and 1360.
80
What is the highest common factor of 67 and 2680?
67
What is the highest common factor of 28 and 1148?
28
What is the highest common factor of 20 and 220?
20
What is the greatest common divisor of 102 and 1377?
51
Calculate the greatest common divisor of 15 and 15.
15
Calculate the highest common divisor of 1872 and 832.
208
Calculate the highest common divisor of 28710 and 45.
45
Calculate the greatest common divisor of 410 and 20.
10
What is the highest common divisor of 2 and 734?
2
Calculate the highest common divisor of 86 and 4429.
43
What is the greatest common factor of 6 and 12522?
6
Calculate the highest common divisor of 13013 and 55.
11
Calculate the highest common divisor of 270 and 10440.
90
Calculate the greatest common divisor of 28 and 15386.
14
What is the highest common factor of 2046 and 330?
66
Calculate the highest common factor of 104 and 611.
13
Calculate the highest common factor of 48583 and 19.
19
What is the greatest common divisor of 792 and 1144?
88
Calculate the greatest common divisor of 14 and 3598.
14
Calculate the highest common divisor of 224 and 17136.
112
What is the highest common divisor of 1863 and 23?
23
What is the greatest common divisor of 36 and 44?
4
Calculate the highest common factor of 6 and 2298.
6
Calculate the greatest common divisor of 320 and 10816.
64
What is the highest common divisor of 24 and 384?
24
Calculate the highest common divisor of 126 and 1701.
63
What is the highest common factor of 30 and 5790?
30
What is the greatest common factor of 13433 and 76?
19
What is the greatest common divisor of 42 and 8106?
42
Calculate the highest common factor of 620 and 200.
20
Calculate the highest common factor of 7964 and 396.
44
What is the greatest common factor of 216 and 27?
27
What is the highest common divisor of 2678 and 2266?
206
Calculate the greatest common factor of 6 and 192.
6
What is the greatest common divisor of 376 and 141?
47
Calculate the greatest common factor of 44 and 99.
11
What is the greatest common divisor of 104 and 130?
26
What is the greatest common factor of 238 and 1394?
34
Calculate the greatest common factor of 2941 and 34.
17
What is the highest common factor of 1320 and 135?
15
What is the highest common divisor of 108 and 8?
4
Calculate the highest common divisor of 63 and 6.
3
Calculate the highest common divisor of 756 and 28.
28
What is the highest common factor of 77 and 112?
7
What is the greatest common divisor of 9937 and 19?
19
What is the highest common divisor of 556 and 2?
2
What is the highest common factor of 2139 and 186?
93
Calculate the highest common factor of 56 and 588.
28
What is the highest common divisor of 52 and 546?
26
Calculate the greatest common divisor of 560 and 210.
70
Calculate the highest common factor of 621 and 69.
69
Calculate the highest common factor of 8 and 5416.
8
What is the greatest common divisor of 89 and 1?
1
Calculate the highest common factor of 1496 and 408.
136
Calculate the highest common divisor of 109 and 79461.
109
What is the greatest common factor of 2528 and 474?
158
What is the highest common factor of 3025 and 400?
25
What is the highest common factor of 85 and 731?
17
Calculate the highest common factor of 2105 and 10.
5
Calculate the highest common factor of 11 and 220.
11
What is the greatest common divisor of 276 and 24?
12
What is the highest common factor of 1547 and 1768?
221
Calculate the highest common divisor of 261 and 6.
3
What is the highest common factor of 1290 and 2?
2
Calculate the highest common factor of 627 and 33.
33
Calculate the highest common factor of 115 and 69345.
115
Calculate the highest common factor of 264 and 33.
33
Calculate the greatest common divisor of 2006 and 34.
34
What is the highest common factor of 33 and 264?
33
What is the greatest common factor of 729 and 648?
81
Calculate the greatest common divisor of 63 and 259.
7
Calculate the greatest common divisor of 72 and 27.
9
What is the highest common factor of 992 and 31?
31
What is the greatest common divisor of 68 and 5338?
34
Calculate the greatest common divisor of 108 and 8532.
108
What is the highest common factor of 9875 and 100?
25
What is the greatest common factor of 60 and 102?
6
What is the greatest common factor of 17773 and 7?
7
Calculate the highest common factor of 36 and 2160.
36
Calculate the greatest common factor of 12 and 7628.
4
What is the greatest common factor of 1989 and 9486?
153
Calculate the greatest common divisor of 63 and 81.
9
Calculate the highest common factor of 6 and 402.
6
Calculate the highest common divisor of 16 and 248.
8
Calculate the greatest common factor of 68 and 442.
34
What is the greatest common factor of 77 and 3047?
11
What is the highest common factor of 32 and 98368?
32
Calculate the greatest common divisor of 637 and 49.
49
Calculate the highest common factor of 1066 and 164.
82
What is the highest common factor of 2412 and 36?
36
Calculate the highest common divisor of 76 and 4864.
76
What is the highest common factor of 37 and 185?
37
What is the highest common factor of 12 and 534?
6
What is the highest common factor of 636 and 12?
12
Calculate the highest common divisor of 4360 and 160.
40
What is the highest common divisor of 34 and 1139?
17
What is the highest common divisor of 22523 and 101?
101
What is the highest common divisor of 10 and 630?
10
What is the highest common factor of 4 and 218?
2
What is the greatest common divisor of 86 and 14018?
86
Calculate the greatest common factor of 11 and 51843.
11
What is the greatest common factor of 3562 and 548?
274
What is the greatest common factor of 43 and 1763?
43
Calculate the highest common divisor of 629 and 999.
37
Calculate the greatest common divisor of 31 and 1.
1
What is the highest common factor of 40 and 125?
5
Calculate the greatest common factor of 24 and 2696.
8
What is the highest common divisor of 1034 and 1598?
94
Calculate the greatest common divisor of 112 and 406.
14
What is the greatest common divisor of 46 and 10?
2
Calculate the greatest common divisor of 128 and 712.
8
What is the highest common divisor of 4 and 849?
1
What is the highest common divisor of 2421 and 387?
9
Calculate the highest common factor of 448 and 48.
16
What is the highest common divisor of 84766 and 22?
22
Calculate the greatest common factor of 15 and 5.
5
Calculate the highest common factor of 222 and 296.
74
What is the highest common divisor of 12 and 384?
12
What is the greatest common factor of 144 and 1344?
48
Calculate the greatest common factor of 60 and 5685.
15
What is the greatest common factor of 63 and 441?
63
Calculate the greatest common factor of 570 and 60.
30
Calculate the greatest common divisor of 305 and 5.
5
What is the highest common factor of 40 and 30?
10
What is the greatest common factor of 7414 and 22?
22
What is the highest common divisor of 1 and 311?
1
What is the highest common factor of 799 and 3604?
17
Calculate the greatest common divisor of 22 and 4411.
11
Calculate the greatest common divisor of 441 and 18.
9
Calculate the greatest common factor of 164 and 3854.
82
What is the greatest common factor of 1298 and 22?
22
Calculate the greatest common divisor of 44 and 165.
11
What is t